 n(w).
-6
Let h = 18 - 10. Let p(l) = h + 4 - 1 + l. Let m be (0 - 0)/(54/9 + -8). Calculate p(m).
11
Let n be (4 - 2*-3) + -3. Let q(z) = z**3 - 6*z**2 - 6*z - 14. Let r be q(n). Let w(c) = c - 1. Give w(r).
-8
Let j(f) = 10*f - 8*f - 9 - 6*f. Calculate j(-8).
23
Suppose -3*t - 3 + 9 = 0. Let i(g) = 4 - 2*g - g + 4*g - t*g. Let m(x) = -6*x**3 + x**2 + 2*x + 1. Let w be m(-1). What is i(w)?
-2
Suppose l + 8 = 3*l - g, 2 = -g. Let w(z) = -3*z**2 - 6*z + 3*z**l - z**2 - 2 - 2*z**3 + 0*z. What is w(5)?
-7
Let h = 26 - 33. Let v = -20 - -11. Let f = h - v. Let o(c) = -c**3. Calculate o(f).
-8
Let s(b) = -1. Let c(q) = q + 10. Let z(h) = c(h) + 5*s(h). Let i = 171 + -171. Give z(i).
5
Let u(x) be the first derivative of 8*x**3/3 - x**2/2 - 667. Calculate u(-1).
9
Let y(m) = m - 4. Let z(k) = 1 - k**2 + k**2 + k**3 + 2*k**2 - 24*k + 23*k. Let w be z(-2). Calculate y(w).
-1
Let q(z) be the third derivative of 11*z**8/6720 + 31*z**4/24 - 33*z**2. Let n(a) be the second derivative of q(a). Determine n(-1).
-11
Let f(y) = 9*y**3 + 11*y**2 + 5*y - 15. Let l(t) = 7*t**3 + 10*t**2 + 5*t - 13. Let o(x) = -4*f(x) + 5*l(x). Calculate o(5).
45
Let u(t) = 2 + 9*t**2 - 17*t**2 - 9*t**3 + 10*t**2 + 10*t**3 - 6*t + 3*t. Let x = -2 - 2. Determine u(x).
-18
Let f(l) = 4*l + 1. Let q be f(1). Suppose -5*o + q = 15. Let a(u) = u**2 - 2*u. Calculate a(o).
8
Let a be 10*2/16*4. Suppose -a*s = -s - 12. Let p(o) = s*o + 1 + 4 + o**3 + 2*o**2 - 2. Determine p(-2).
-3
Let m(a) be the third derivative of a**6/120 + a**5/30 - 5*a**4/24 - 2*a**3/3 - 78*a**2. Calculate m(-3).
2
Let p(h) = 25 - 4*h + 34 + 0*h - 67. Calculate p(11).
-52
Let m(k) = 2*k + 15*k + 12*k + 22 - 21 - 6*k. Calculate m(2).
47
Let c(t) = 19*t + 7*t + 11*t - 36*t + 10. Determine c(-8).
2
Let f(p) be the first derivative of p**2/2 + p - 4. Let u = -28 - -16. Let a be 56/u - (-4)/(-12). Calculate f(a).
-4
Suppose v + 5*y + 0*y + 17 = 0, 0 = -5*v + 5*y + 35. Let n(h) = h + v - 2 - 1. Determine n(-6).
-6
Let l be (-1446)/(-6266)*(-52)/(-6). Let b(t) be the second derivative of -2*t**3/3 + t. Determine b(l).
-8
Let c(d) = -3*d + 4*d - 3 - 4*d - 3*d**2 + 5*d + d**3. Let y = 420 + -417. Give c(y).
3
Let t(p) be the third derivative of p**6/120 + 11*p**5/60 + 3*p**4/8 + p**3/3 - p**2 + p. Determine t(-10).
12
Let y(u) = -u**3 + 3*u**2 - u - 3. Let l(m) = 43*m - 170. Let t be l(4). Give y(t).
-1
Let m(v) = -13*v - 1. Let d(z) = -22*z - 64. Let t be d(-3). What is m(t)?
-27
Suppose 0 = 74*d - 67*d - 14. Let j be (-1)/(-3) + (-2)/6. Let w(c) = 4 + 2 + j*c**d + c**2 + 4*c - 3. What is w(-3)?
0
Let a(t) = -t + 9. Let m be a(7). Let c be 29 - m*(-1)/(-2). Let u = c - 23. Let q(p) = p**3 - 4*p**2 - 6*p + 6. Determine q(u).
1
Let f(z) = -8*z - 42. Let c(r) = 17*r + 90. Let m(q) = -6*c(q) - 13*f(q). Give m(0).
6
Let r(q) = 5*q + 3. Let a(o) = -12*o - 7. Let m(d) = 2*a(d) + 5*r(d). Let u be -2*1/7 + (-5)/7. What is m(u)?
0
Let k = -61 - -56. Let v(m) be the second derivative of -m**3/6 - 3*m**2 - 4*m. What is v(k)?
-1
Let o be (-25)/(-10) + 2/(8/2). Let x(q) = 8*q - 8*q + o - 3*q - 5. Let t = 2 + -4. What is x(t)?
4
Let v = 19 - 17. Suppose 20 - 10 = v*z. Let g(d) = d + 7. Give g(z).
12
Suppose -4*z + 3*a + 28 = 0, -2*z + 5*a + 20 = 2*a. Let x(l) = 6*l + 3. Let i(d) = -7*d - 4. Let h(b) = z*i(b) + 5*x(b). Give h(-2).
-5
Let a(p) = p + 1. Let j(c) = c + 2. Let b(q) = 2*a(q) - 3*j(q). Let g be (-21 - -12) + -2 + 5. What is b(g)?
2
Let b be (24/(-14))/((-6)/21). Let u(q) be the second derivative of -1/20*q**5 + 7/6*q**3 + 5/12*q**4 + 0 - 2*q**2 + 15*q. Give u(b).
2
Let h(l) = 4 - 77*l + 6 - 20 + 73*l. Determine h(-2).
-2
Let q(j) = -j**3 - 4*j**2 + 8*j + 9. Let v be q(-5). Let b(u) = -7*u - 35. Give b(v).
7
Let a = 690 - 690. Let p(n) be the first derivative of -13 + 1/2*n**4 + 0*n + a*n**2 + 2/3*n**3. Give p(-2).
-8
Let k(u) = -u**2 - 10*u + 7. Let n be k(-5). Let c(j) = 33 - n - 3*j - 4*j. Let s be (5/25)/((-1)/(-5)). Calculate c(s).
-6
Let a(l) = 122770 - 18*l - 122770. Let v = 9 + -10. Calculate a(v).
18
Let q = -1094 - -1096. Let g(s) = -11*s + 3. Give g(q).
-19
Suppose -4*a - 12*a = 5*a. Let d(j) = j**2 + j + 17. Calculate d(a).
17
Suppose 7*d + 32 = -24. Let o(v) = v**2 + 8*v - 2. Give o(d).
-2
Let d(p) be the third derivative of p**6/120 + 7*p**5/30 - 13*p**3/6 - 155*p**2. Give d(-14).
-13
Let d(c) = -c**2 + 6*c + 6. Suppose -4*w - 76 = 4*j, -w + 0*w + 3*j - 11 = 0. Let h = w + 22. Let p be (10 - h)*6/5. Give d(p).
6
Let p(u) = u**3 - 6*u**2 - 5*u + 17. Let b = 482 + -475. Give p(b).
31
Let c = 83 - 76. Suppose -4*m - c = -h + 25, 0 = -m + 4*h - 23. Let b(q) = q + 8. Give b(m).
1
Let n(z) be the third derivative of 7/720*z**6 + 0*z**3 - 1/120*z**5 + 1/24*z**4 + 0*z + 0 - 7*z**2. Let u(o) be the second derivative of n(o). Determine u(1).
6
Let b(n) = n**2 + 5*n + 2. Let m = 18 - 13. Let j = 17 - 14. Suppose -j*h - 5*c = 20, m*h - c + 27 = -3*c. Give b(h).
2
Let t(r) = -5*r**3 + 5*r**2 - 3*r + 2. Let s be -9 - (2/1 - 4). Let l(k) = -11*k**3 + 11*k**2 - 7*k + 5. Let x(c) = s*t(c) + 3*l(c). Give x(-1).
-3
Let u(z) = -z**2 - 8*z + 6. Let d be 6*(-1)/(-2)*1. Suppose 4*v = d - 31. Determine u(v).
13
Let g(v) = -12*v**3 + 3*v**2 + 6*v + 2. Let j be g(-1). Let m(y) = y**3 - 10*y**2 - 11*y - 4. Determine m(j).
-4
Let m(t) be the first derivative of -2*t - 7/3*t**3 + 5/2*t**2 - 34 + 1/4*t**4. Determine m(6).
-8
Let b(m) be the third derivative of -m**5/60 - 3*m**4/8 - 3*m**3/2 - 59*m**2. Let v be -6 + 1 + 1*-1. Determine b(v).
9
Let i(a) = 6*a + 6. Let o(f) = 7*f**3 + 2*f**2 + f. Let m be o(-1). Let r(u) = 3*u + 3. Let y(s) = m*i(s) + 13*r(s). Let d = 0 - 4. What is y(d)?
-9
Let v(i) = 19*i - 33. Let c(r) = 3*r + 4. Let t(l) = 4*c(l) - v(l). What is t(8)?
-7
Let y(c) = -c - 2. Let z be y(-6). Suppose -5*w = 2*d - z*w + 5, -4*d + w - 19 = 0. Let t(m) = 2*m - 3*m - 2*m - 6 - m**2 - 3*m. Determine t(d).
2
Let x be (36/10)/((-6)/15). Let g = 14 + x. Let q(s) = 2*s**2 - 8*s + 7. What is q(g)?
17
Let d = 13 - 31. Let b = 18 + d. Let z(f) = f + 4 + b - 3 + 0*f. Determine z(3).
4
Let n = -135 - -139. Suppose -i - 2*i + 2*t = 14, -i - n*t + 14 = 0. Let b(r) = 4*r**2 + 2*r. Determine b(i).
12
Let d(o) = -3*o**3 - 2*o**2 + o + 4. Let n(p) = 4*p**3 + p**2 + p - 5. Let u(q) = 3*d(q) + 2*n(q). Determine u(-5).
2
Suppose 0*q + 18 = -q + 5*r, 0 = 3*q - 4*r + 21. Let w(d) = -6*d - 1. Determine w(q).
17
Let p(q) be the third derivative of q**7/5040 - q**6/144 + 7*q**5/20 - 17*q**2. Let h(j) be the third derivative of p(j). What is h(5)?
0
Let k(h) = 3*h**2 - 4*h + 0*h**2 - 1 + 5*h. Let l(i) = 67 - 141 - i + 69. Let o be l(-6). Give k(o).
3
Let z(n) = -3 + 6 - n**2 + 5 - 2*n - 7 + 1. Determine z(2).
-6
Suppose -s + 18 = 2*s. Let n(h) = 11*h**2 - 11*h - 15. Let k(a) = -9*a**2 + 8*a + 14. Let z(l) = -6*k(l) - 5*n(l). What is z(s)?
-3
Let f(j) be the first derivative of -j**4/4 - j**3/3 + 2*j**2 - j - 98. Give f(-2).
-5
Let n = -140 - -140. Let f(l) be the second derivative of 2/3*l**3 + 0 + n*l**2 + 2*l. What is f(-2)?
-8
Let n(w) = w**2 - w + 1. Suppose 9*t = -2*t. What is n(t)?
1
Let o(p) = -p**2 + 2*p - 4. Let n be 0 + -10 + 12 + -7. What is o(n)?
-39
Suppose 0 = -4*x + 12 - 0. Let p(r) be the second derivative of -1/10*r**5 + 1/2*r**2 - 1/3*r**3 + 5/12*r**4 - 5*r + 0. Determine p(x).
-14
Let i(s) = -s**2 - 8*s - 7. Let w(z) = -9*z - 59. Suppose -46 = 11*k + 20. Let x be w(k). Calculate i(x).
8
Let d be 2/(-4) - (-110)/20. Suppose -d*c - 10 = -10*c. Let u(x) = 8 + c*x - 5 - x. Determine u(-5).
-2
Suppose -228 = -5*i + 3*t, -3*i + 4*t + 156 - 28 = 0. Let h = i + -47. Let c(y) = -y**3 - 2*y**2 + 1. What is c(h)?
-2
Let s(j) be the second derivative of -1/3*j**3 + 0 + 3/2*j**2 - 11*j. Suppose 5 = g + 2. Give s(g).
-3
Let u(x) = x**3 + 5*x**2 + 3*x + 6. Let i be 48/456 - (-291)/(-57). What is u(i)?
-9
Let h(k) = k**2 - 4*k - 3. Suppose -5*c - 2 = -2*r + 23, -3*r = 3*c + 36. Let j(p) = p**2 + 3*p - 6. Let n be j(-6). Let q = c + n. Give h(q).
2
Let s(z) be the first derivative of z**4/4 - 2*z**3 + z**2/2 - 2*z + 151. Calculate s(6).
4
Let x(g) = 15*g + 602. Let k be x(-40). Let y(p) = 13*p**2 - 6*p + 2. Calculate y(k).
42
Let l(v) be the third derivative of v**5/40 - 5*v**4/24 + 9*v**3/2 + 12*v**2. Let h(i) be the first derivative of l(i). What is 